(t)?
6
Suppose -6627 = 25*z - 90827. What is the hundreds digit of z?
3
Let t be ((-12)/(-2))/(-18) - 28/(-3). Let a(c) = c**3 - 9*c**2 + c + 3. What is the tens digit of a(t)?
1
Let y = 3779 + -2175. What is the thousands digit of y?
1
Let q be -10*((-2)/(-4))/1. Let u(p) = p + 5. Let l be u(q). Suppose -3*z + 5*z - 4*n - 86 = 0, l = -5*z - 3*n + 189. What is the tens digit of z?
3
Let m(y) = y**2 + 9*y - 8. Let n(v) = v. Let j(w) = -m(w) - 4*n(w). Let q be j(-11). What is the units digit of (2/(-6))/((-2)/q)?
5
What is the tens digit of 220 - 218 - (-4)/(-2)*-122?
4
Suppose -3*r = -5*j - 2429, 6*j - 3*j = r - 807. What is the units digit of r?
3
Let n(s) = -s**2 - 19*s - 65. Let o be n(-7). Suppose 0*c + 5*c = -65. Let u = o + c. What is the units digit of u?
6
Suppose 2264*s = 2263*s + 457. What is the units digit of s?
7
Let v = 7033 - 1472. What is the tens digit of v?
6
What is the units digit of (-6)/(4 + -34)*5?
1
Let v be 2/8 + 1674/24. Suppose 5*z + 3*x - v = 0, z - x = 4*x - 14. Suppose -2*b + z = -3. What is the units digit of b?
7
Suppose 0 = -153*d + 154*d - 504. Suppose 0 = -2*s + 3*s + 3, 0 = -3*n - 2*s + d. What is the tens digit of n?
7
Let l(g) = 3*g**2 + 8*g + 4. Let j be l(-3). Suppose -j*o + 9*o = -28. What is the units digit of -4*(-7)/(o/(-4))?
8
Suppose l + 2*l = 4*c - 349, l = -5*c - 129. Let g = -37 - l. What is the tens digit of g?
8
Let z(f) = -f**2 + 7*f + 3. Let t be (-5 - -5)*2/(-4). Suppose 3*q + 2*u + 3 = 24, 4*q - 5*u - 28 = t. What is the units digit of z(q)?
3
Suppose -2*j - 3*w + 2264 - 173 = 0, -4*w = 4*j - 4180. What is the hundreds digit of j?
0
Suppose -5*p + 355 = -5*l, 3*p + 6*l = 8*l + 212. What is the tens digit of p?
7
Suppose -4*s + 263 = 3*f - 158, 3*s + 435 = 3*f. What is the hundreds digit of f?
1
Let p(o) = o + 1. Let a be p(4). Suppose 0 = -4*c + a*c - 14. Let t(d) = d**2 - 12*d - 3. What is the units digit of t(c)?
5
Suppose -1 = 5*x + 4. Let b be 4 - (1 + 0)/((-4)/(-4)). What is the units digit of 0 + (b/x - -7)?
4
Let m(u) = -24*u**3 - 2*u**2 + 1. Let s be m(1). Let q = s - -29. What is the units digit of (-104)/(-12) - q/6?
8
Suppose -4*s - 20 = 2*m, -2*m - 4*s + 3*s = 14. What is the hundreds digit of (-75)/10*92/m?
1
Let v(q) = 2*q**2 + 5*q - 4. Let k be v(-8). Let f = k - 132. Let b = f - -86. What is the tens digit of b?
3
Let v = 242 - 367. Let p = -11 - v. What is the tens digit of p?
1
Let y(d) be the first derivative of -d**3/3 + 6*d**2 - 7*d + 3. Let x be y(11). Suppose -3*o + 88 - x = 0. What is the tens digit of o?
2
Let o = -45 + -30. Let h be 1*o + (-36)/(-9). What is the tens digit of (h + 2 - -4)*-1?
6
Suppose 4*g - 5*u - 38 = 0, -g + 2*u + 10 = u. Suppose 4*h = -t - 0*t - g, -3*t + 4*h = -12. Suppose t = 5*o - 229 + 39. What is the tens digit of o?
3
What is the units digit of (-7)/((-35)/5426) - (-2)/(-10)?
5
Let l(q) = -9*q**2 - 2*q - 7. Let p be l(-3). What is the tens digit of -3 - (-1 + -1) - p?
8
Suppose 5*h - y + 12 = 2, 3*h + 4*y = -29. What is the tens digit of (20*(h - 2))/(-1)?
0
What is the thousands digit of 1395 - -7 - (7 - (3 - 1))?
1
Let k(f) = f**3 - 44*f**2 - 70*f + 48. What is the units digit of k(46)?
0
Let y(c) = c + 4. Let j = -11 - -9. Let a be y(j). Suppose -a*m = -10, 2*k = -k + m + 40. What is the tens digit of k?
1
Let w be 15*((-4)/(-10) + 0). Let c be -67 + 2*3/w. What is the units digit of (7 - 2)*c/(-15)?
2
Suppose 5*w - 2*w - 5*u + 15 = 0, -u - 3 = 0. Let g(v) = -v**2 - 14*v - 5. What is the tens digit of g(w)?
3
Suppose 10*a = 40 + 10. Suppose -3*h + 160 = a*f, f - 6*f = -2*h + 65. What is the units digit of h?
5
Let o(f) = -10*f**3 - 4*f**2 - 6*f + 4. What is the thousands digit of o(-5)?
1
Let t(v) = -v**2 + 4*v + 6. Let d be t(5). Let o be 0 - (1 - d)/3. Suppose 4*i + 0*i - 36 = o. What is the units digit of i?
9
What is the units digit of 36*((-1645)/(-20) - 10)?
1
Let s(d) = -7. Let k(y) = y - 22. Let n(t) = t**3 - t**2 - 2*t + 2. Let l be n(2). Let p(u) = l*k(u) - 7*s(u). What is the units digit of p(4)?
3
Let l(y) = -y**3 + 8*y**2 - y + 9. Suppose 23 - 7 = 2*x. Let s be l(x). What is the tens digit of (2 - -19) + (3 - s)?
2
Suppose 27*l - 24*l = 867. What is the hundreds digit of l?
2
Let f = -4986 - -8609. What is the thousands digit of f?
3
Suppose -10*r = -16*r + 2886. What is the units digit of r?
1
Suppose 5*b - 3*h - h = 43, 30 = 4*b - h. What is the units digit of b*(-120)/(-28)*2?
0
Let x = 176 + 93. Suppose 6*u - x = 193. What is the tens digit of u?
7
Suppose 34 + 12 = 2*n. Let m = n - 25. Let z(o) = -2*o**3 - 2*o**2 - 2*o - 3. What is the units digit of z(m)?
9
Let t = -3 + 298. What is the hundreds digit of t?
2
Let b(h) = 67*h - 12. Suppose 5*r - 20 = -2*k, 3 + 4 = -4*r + 3*k. What is the hundreds digit of b(r)?
1
Let z = 22 + -19. Let k = 60 + z. What is the tens digit of k?
6
Let u(t) = 2080*t**2 - 36*t - 36. What is the thousands digit of u(-1)?
2
Let o = 631 + -449. What is the tens digit of o?
8
Let b = -9 + -49. Let q = b + 102. Let a = q + -20. What is the tens digit of a?
2
Let j be ((-12)/(-4) - 3)/2. Suppose 2*w - 86 + 10 = j. What is the units digit of w?
8
Let j(p) = 5*p - 4. Let t be j(3). Suppose t = -2*c - 17. Let r = 38 + c. What is the units digit of r?
4
Let r = 199 + 5. Suppose 10*c = 7*c + r. Suppose 4*u = 8*u - c. What is the units digit of u?
7
Let y(p) = p**3 + 7*p**2 - 4*p - 5. Let k be y(-6). Let h = 163 - k. Suppose 3*r - 6*r - 32 = -x, 5*x - 2*r = h. What is the units digit of x?
0
Suppose 0 = -6*g + 4558 + 3788. What is the thousands digit of g?
1
Let v = 5 - 8. Let t be (1 + 0)/(v/(-39)). What is the tens digit of 1*t + (11 - 11)?
1
Let n(s) = 2*s + 1. Let a be n(1). Suppose -f + 2*t = a, 0 = -2*f - 3*f + 3*t + 6. Suppose 2*h - f*h + 10 = 0. What is the tens digit of h?
1
What is the hundreds digit of 286/11*46/4 + 2?
3
Let q = -2 + 2. Suppose -11*a = 5*h - 15*a - 91, 0 = 4*h + 5*a - 40. Suppose q = j - h - 5. What is the units digit of j?
0
Let q = -69 - -47. Let y = q - 19. Let i = -21 - y. What is the tens digit of i?
2
Let n = 40 - 37. Suppose -3*i = -n*s - 390, -s = 5*i - 0*s - 656. What is the tens digit of i?
3
Let t(i) = i**2 + 8*i + 4. Let b be (-23)/4 - (-2)/(-8). Let z be t(b). What is the tens digit of (z/10)/((-3)/75)?
2
Let x be (-1)/(-3)*1*(42 - 3). Suppose -3*z = 5*a - 49, 2*z - 52 = -z - 2*a. Let p = z - x. What is the units digit of p?
5
Suppose 1007 + 3517 = 6*m. What is the units digit of m?
4
Let m(s) = 183*s + 281. What is the units digit of m(13)?
0
Let k be 5 - 2 - (5 + -1). Let h = 59 - k. What is the units digit of h?
0
Suppose -5 = p + 2*y - 1, 3 = -p - y. Let u be (-284)/p + (-10)/(-5). Suppose -f = 4*i - 4 - 12, 4*f - 4*i - u = 0. What is the tens digit of f?
3
What is the units digit of 19/(209/22) - -239*1?
1
Let n be 1*((-1)/3*-3 - -4). Suppose -t + n*t - 196 = 0. What is the tens digit of t?
4
Let f = -161 - -166. Let y be 2 + -4 + 1*25. Suppose -k - 5*w + f = -w, -3*k = 4*w - y. What is the units digit of k?
9
Suppose o = 5*i + 1182, -4*o + i + 2530 = -2217. What is the hundreds digit of o?
1
Suppose z - 2536 = -n - 2*z, -n - 4*z + 2533 = 0. What is the thousands digit of n?
2
Suppose -8 = -j + 2*j. What is the tens digit of 2*(-132)/j + 1?
3
Let f(x) = -58*x + 3. Let c = 2 - 3. What is the units digit of f(c)?
1
Let z = -9 + 19. Suppose -4*s = -38 + z. Suppose -f + 27 = -s. What is the tens digit of f?
3
Suppose -12 = -3*h - 0. Suppose -6*w = -h*w - 94. What is the tens digit of w?
4
Let l be 1/(-4 + (-4015)/(-1005)). Let r = 34 - l. What is the hundreds digit of r?
2
Suppose 3*v - 2*v = 2*z - 318, 5*z + 4*v - 769 = 0. Suppose -z + 19 = -2*c + 5*u, 4*u = -16. Suppose -l = -0*l + h - c, -5 = h. What is the tens digit of l?
6
Let t(x) = x**3 + x**2 - 8*x + 6. Let i be t(-5). What is the tens digit of ((-422)/(-3))/((-36)/i)?
1
Suppose 1468 = 3*z + 271. What is the tens digit of z?
9
Let c be 2/(-1 + -1)*0. Suppose -4*w - 160 = -2*g, g - 3*w = w + 74. Suppose c = -x - x + g. What is the tens digit of x?
4
Suppose 44 = 2*y - 4*z, 4*y - 27 = 3*y + 3*z. Let q(m) = -m**3 + 11*m**2 + 11*m - 10. Let n be q(y). Let g = 57 + n. What is the units digit of g?
5
Let u(y) = y**2 - 2*y + 2. Let c be (4/16)/((-2)/(-16)). Let r be u(c). Suppose -r*s = -4*s + 50. What is